{"id":485,"date":"2018-02-22T17:25:57","date_gmt":"2018-02-22T20:25:57","guid":{"rendered":"http:\/\/www4.sbc.org.br\/csbc2018\/?page_id=485"},"modified":"2018-05-07T20:56:49","modified_gmt":"2018-05-07T23:56:49","slug":"iii-workshop-do-testbed-fibre","status":"publish","type":"page","link":"https:\/\/www4.sbc.org.br\/csbc2018\/?page_id=485","title":{"rendered":"3\u00ba Workshop do testbed FIBRE"},"content":{"rendered":"<h1><span style=\"color: #519660;\"><strong>3\u00ba Workshop do testbed FIBRE: uso de Plataformas Experimentais no aux\u00edlio do aprendizado de Redes de Computadores (FIBRE)<\/strong><\/span><\/h1>\n<p>&nbsp;<\/p>\n<h2><span style=\"color: #519660;\"><strong>Datas importantes<\/strong><\/span><\/h2>\n<p>&#8211; Divulga\u00e7\u00e3o da chama de trabalhos: <strong>21 de fevereiro<\/strong><br \/>\n&#8211; Submiss\u00e3o do artigo: <del><strong>at\u00e9 21 de mar\u00e7o\u00a0<\/strong><\/del><strong>\u00a0at\u00e9 31 de mar\u00e7o<\/strong><br \/>\n&#8211; Resultado da avalia\u00e7\u00e3o: <del><strong>at\u00e9 26 de mar\u00e7o\u00a0\u00a0<\/strong><\/del><strong>\u00a0\u00a0at\u00e9 10 de abril<\/strong><br \/>\n&#8211; Entrega da vers\u00e3o final do artigo, em caso de solicita\u00e7\u00e3o de ajustes pelos avaliadores: <strong><del>29 de mar\u00e7o<\/del>\u00a0 23 de abril. (artigos entregues ap\u00f3s essa data n\u00e3o ser\u00e3o publicados nos anais do CSBC)<\/strong><\/p>\n<h2><span style=\"color: #519660;\"><strong>Sobre o evento<\/strong><\/span><\/h2>\n<p align=\"justify\">O testbed FIBRE (http:\/\/fibre.org.br) (Future Internet Brazilian environment for Experimentation) \u00e9 uma infraestrutura para realiza\u00e7\u00e3o de pesquisas experimentais em redes de computadores e rede de sensores, aberta para a utiliza\u00e7\u00e3o por estudantes, professores e pesquisadores que desejam testar novas arquiteturas, protocolos e aplica\u00e7\u00f5es em condi\u00e7\u00f5es pr\u00f3ximas ao mundo real.<br \/>\nTestbeds tamb\u00e9m podem ser muito \u00fateis no ensino de Redes de Computadores, tanto em aulas de laborat\u00f3rio de cursos de gradua\u00e7\u00e3o e p\u00f3s-gradua\u00e7\u00e3o como no contexto de cursos online (EAD). O acesso a ambientes de experimenta\u00e7\u00e3o de larga escala oferece aos alunos uma experi\u00eancia pr\u00e1tica que tipicamente n\u00e3o \u00e9 poss\u00edvel oferecer com softwares simuladores e recursos locais de uma institui\u00e7\u00e3o de ensino.<\/p>\n<p>Para mais detalhes, veja a chamada completa em\u00a0<a href=\"http:\/\/www4.sbc.org.br\/csbc2018\/wp-content\/uploads\/2018\/03\/CSBC2018_3-Workshop-do-testbed-FIBRE_v4.pdf\" target=\"_blank\" rel=\"noopener\">PDF<\/a>.<\/p>\n<h2><span style=\"color: #519660;\"><strong>Programa\u00e7\u00e3o<\/strong><\/span><\/h2>\n<p>A programa\u00e7\u00e3o completa\u00a0<a href=\"http:\/\/indico.rnp.br\/conferenceTimeTable.py?confId=259#20180726\" target=\"_blank\" rel=\"noopener\">aqui<\/a>\u00a0.<\/p>\n<h2><span style=\"color: #519660;\"><strong>Coordena\u00e7\u00e3o<\/strong><\/span><\/h2>\n<table style=\"height: 210 px;\" width=\"460\">\n<tbody>\n<tr>\n<td><\/td>\n<td>\n<ul>\n<li>Iara Machado<\/li>\n<li>RNP<\/li>\n<li>Coordena\u00e7\u00e3o Geral<\/li>\n<li>e-mail:\u00a0<u>info@fibre.org.br<\/u><\/li>\n<\/ul>\n<\/td>\n<\/tr>\n<tr>\n<td><span style=\"color: #ffffff;\">&#8230;<\/span><\/td>\n<td><\/td>\n<\/tr>\n<tr>\n<td><\/td>\n<td>\n<ul>\n<li>Carlos Gustavo A. da Rocha<\/li>\n<li>IFRN<\/li>\n<li>Coordena\u00e7\u00e3o Local<\/li>\n<li>e-mail:\u00a0<u>info@fibre.org.br<\/u><\/li>\n<\/ul>\n<\/td>\n<\/tr>\n<\/tbody>\n<\/table>\n<p>&nbsp;<\/p>\n","protected":false},"excerpt":{"rendered":"<p>3\u00ba Workshop do testbed FIBRE: uso de Plataformas Experimentais no aux\u00edlio do aprendizado de Redes de Computadores (FIBRE) &nbsp; Datas importantes &#8211; Divulga\u00e7\u00e3o da chama de trabalhos: 21 de fevereiro &#8230;<\/p>\n","protected":false},"author":3,"featured_media":0,"parent":0,"menu_order":0,"comment_status":"closed","ping_status":"closed","template":"content-fullwidth.php","meta":{"footnotes":""},"class_list":["post-485","page","type-page","status-publish","hentry"],"_links":{"self":[{"href":"https:\/\/www4.sbc.org.br\/csbc2018\/index.php?rest_route=\/wp\/v2\/pages\/485","targetHints":{"allow":["GET"]}}],"collection":[{"href":"https:\/\/www4.sbc.org.br\/csbc2018\/index.php?rest_route=\/wp\/v2\/pages"}],"about":[{"href":"https:\/\/www4.sbc.org.br\/csbc2018\/index.php?rest_route=\/wp\/v2\/types\/page"}],"author":[{"embeddable":true,"href":"https:\/\/www4.sbc.org.br\/csbc2018\/index.php?rest_route=\/wp\/v2\/users\/3"}],"replies":[{"embeddable":true,"href":"https:\/\/www4.sbc.org.br\/csbc2018\/index.php?rest_route=%2Fwp%2Fv2%2Fcomments&post=485"}],"version-history":[{"count":13,"href":"https:\/\/www4.sbc.org.br\/csbc2018\/index.php?rest_route=\/wp\/v2\/pages\/485\/revisions"}],"predecessor-version":[{"id":1078,"href":"https:\/\/www4.sbc.org.br\/csbc2018\/index.php?rest_route=\/wp\/v2\/pages\/485\/revisions\/1078"}],"wp:attachment":[{"href":"https:\/\/www4.sbc.org.br\/csbc2018\/index.php?rest_route=%2Fwp%2Fv2%2Fmedia&parent=485"}],"curies":[{"name":"wp","href":"https:\/\/api.w.org\/{rel}","templated":true}]}}