{"id":125,"date":"2017-12-06T07:20:29","date_gmt":"2017-12-06T10:20:29","guid":{"rendered":"http:\/\/www4.sbc.org.br\/csbc2018\/?page_id=125"},"modified":"2018-07-10T21:31:29","modified_gmt":"2018-07-11T00:31:29","slug":"local","status":"publish","type":"page","link":"https:\/\/www4.sbc.org.br\/csbc2018\/?page_id=125","title":{"rendered":"Local do CSBC 2018"},"content":{"rendered":"<p><img loading=\"lazy\" decoding=\"async\" class=\"alignleft wp-image-141\" src=\"http:\/\/www4.sbc.org.br\/csbc2018\/wp-content\/uploads\/2017\/12\/CCN3.jpg\" alt=\"\" width=\"550\" height=\"366\" srcset=\"https:\/\/www4.sbc.org.br\/csbc2018\/wp-content\/uploads\/2017\/12\/CCN3.jpg 800w, https:\/\/www4.sbc.org.br\/csbc2018\/wp-content\/uploads\/2017\/12\/CCN3-300x200.jpg 300w, https:\/\/www4.sbc.org.br\/csbc2018\/wp-content\/uploads\/2017\/12\/CCN3-768x512.jpg 768w, https:\/\/www4.sbc.org.br\/csbc2018\/wp-content\/uploads\/2017\/12\/CCN3-770x513.jpg 770w\" sizes=\"auto, (max-width: 550px) 100vw, 550px\" \/><\/p>\n<p align=\"justify\">O CSBC 2018 ser\u00e1 realizado no Centro de Conven\u00e7\u00f5es de Natal (CCN). O\u00a0CCN\u00a0\u00e9 o principal\u00a0centro de conven\u00e7\u00f5es\u00a0no Estado do Rio Grande do Norte, localizado na\u00a0Via Costeira da cidade do Natal.<\/p>\n<p align=\"justify\">Projetado para sediar simp\u00f3sios, congressos, semin\u00e1rios, reuni\u00f5es, eventos art\u00edsticos, feiras e exposi\u00e7\u00f5es, o CCN se encontra dentro do\u00a0<a class=\"mw-redirect\" title=\"Parque das Dunas\" href=\"https:\/\/pt.wikipedia.org\/wiki\/Parque_das_Dunas\" target=\"_blank\" rel=\"noopener\">Parque das Dunas<\/a>, posicionado de frente para o mar e pr\u00f3ximo a v\u00e1rios hot\u00e9is luxuosos, com bares, restaurantes, praias, shoppings, ciclovia, ag\u00eancias de turismo, locadora e uma infinidade de servi\u00e7os.<\/p>\n<div><b>CENTRO DE CONVEN\u00c7\u00d5ES DE NATAL &#8211; EMPROTUR<\/b><\/div>\n<div>Av. Sen. Dinarte Mariz, s\/n &#8211; 59.090-002 &#8211; Via Costeira &#8211; Ponta Negra &#8211; Natal &#8211; RN<br \/>\nTel.: (84) 3232-2951 &#8211; 3232-2956<\/div>\n<p>Localiza\u00e7\u00e3o :\u00a0<a href=\"https:\/\/goo.gl\/maps\/12vLuFVzY452\" target=\"_blank\" rel=\"noopener\">Centro de Conven\u00e7\u00f5es de Natal<\/a><\/p>\n","protected":false},"excerpt":{"rendered":"<p>O CSBC 2018 ser\u00e1 realizado no Centro de Conven\u00e7\u00f5es de Natal (CCN). O\u00a0CCN\u00a0\u00e9 o principal\u00a0centro de conven\u00e7\u00f5es\u00a0no Estado do Rio Grande do Norte, localizado na\u00a0Via Costeira da cidade do Natal. &#8230;<\/p>\n","protected":false},"author":3,"featured_media":0,"parent":0,"menu_order":0,"comment_status":"closed","ping_status":"closed","template":"content-fullwidth.php","meta":{"footnotes":""},"class_list":["post-125","page","type-page","status-publish","hentry"],"_links":{"self":[{"href":"https:\/\/www4.sbc.org.br\/csbc2018\/index.php?rest_route=\/wp\/v2\/pages\/125","targetHints":{"allow":["GET"]}}],"collection":[{"href":"https:\/\/www4.sbc.org.br\/csbc2018\/index.php?rest_route=\/wp\/v2\/pages"}],"about":[{"href":"https:\/\/www4.sbc.org.br\/csbc2018\/index.php?rest_route=\/wp\/v2\/types\/page"}],"author":[{"embeddable":true,"href":"https:\/\/www4.sbc.org.br\/csbc2018\/index.php?rest_route=\/wp\/v2\/users\/3"}],"replies":[{"embeddable":true,"href":"https:\/\/www4.sbc.org.br\/csbc2018\/index.php?rest_route=%2Fwp%2Fv2%2Fcomments&post=125"}],"version-history":[{"count":13,"href":"https:\/\/www4.sbc.org.br\/csbc2018\/index.php?rest_route=\/wp\/v2\/pages\/125\/revisions"}],"predecessor-version":[{"id":1247,"href":"https:\/\/www4.sbc.org.br\/csbc2018\/index.php?rest_route=\/wp\/v2\/pages\/125\/revisions\/1247"}],"wp:attachment":[{"href":"https:\/\/www4.sbc.org.br\/csbc2018\/index.php?rest_route=%2Fwp%2Fv2%2Fmedia&parent=125"}],"curies":[{"name":"wp","href":"https:\/\/api.w.org\/{rel}","templated":true}]}}