{"id":1249,"date":"2018-07-14T09:26:28","date_gmt":"2018-07-14T12:26:28","guid":{"rendered":"http:\/\/www4.sbc.org.br\/csbc2018\/?page_id=1249"},"modified":"2018-07-14T09:29:24","modified_gmt":"2018-07-14T12:29:24","slug":"reunioes","status":"publish","type":"page","link":"https:\/\/www4.sbc.org.br\/csbc2018\/?page_id=1249","title":{"rendered":"Reuni\u00e3o do F\u00f3rum"},"content":{"rendered":"<h2><span style=\"color: #008000;\"><strong>Programa\u00e7\u00e3o (23.07.2018)<\/strong><\/span><\/h2>\n<p><strong><span style=\"color: #008000;\">10h00 &#8211; 10h30:<\/span> <\/strong>Abertura e discuss\u00e3o sobre a atividades do ano anterior<br \/>\n<span style=\"color: #008000;\"><strong>10h30 &#8211; 11h30:<\/strong> <\/span>Palestra intitulada &#8220;Precisamos ter um referencial de compet\u00eancias para a forma\u00e7\u00e3o do pesquisador no Brasil?&#8221;, com a Profa. Dilmeire Vosgerau, da PUC-PR.<br \/>\n<span style=\"color: #008000;\"><strong>11h30 &#8211; 12h15:<\/strong><\/span> Discuss\u00e3o sobre forma\u00e7\u00e3o em PG<br \/>\n<span style=\"color: #008000;\"><strong>12h15 &#8211; 12h30:<\/strong> <\/span>Apresenta\u00e7\u00e3o pela Diretoria de Educa\u00e7\u00e3o da SBC<br \/>\n<span style=\"color: #008000;\"><strong>12h30 &#8211; 13h00:<\/strong> <\/span>Apresenta\u00e7\u00e3o pelos Coordenadores do CA-CC, Profs. Paulo Cunha, Jos\u00e9 Carlos Maldonado, e Avelino Zorzo.<\/p>\n<p><span style=\"color: #008000;\"><strong>17h00 &#8211; 18h30:<\/strong><\/span> Discuss\u00e3o sobre avalia\u00e7\u00e3o qualitativa de produ\u00e7\u00e3o cient\u00edfica e tecnol\u00f3gica<br \/>\n<strong><span style=\"color: #008000;\">18h30 &#8211; 19h00:<\/span> <\/strong>Discuss\u00e3o sobre problemas com sistemas de gest\u00e3o<br \/>\n<strong><span style=\"color: #008000;\">19h00 &#8211; &#8230;:<\/span> <\/strong>Jantar<\/p>\n","protected":false},"excerpt":{"rendered":"<p>Programa\u00e7\u00e3o (23.07.2018) 10h00 &#8211; 10h30: Abertura e discuss\u00e3o sobre a atividades do ano anterior 10h30 &#8211; 11h30: Palestra intitulada &#8220;Precisamos ter um referencial de compet\u00eancias para a forma\u00e7\u00e3o do pesquisador &#8230;<\/p>\n","protected":false},"author":3,"featured_media":0,"parent":0,"menu_order":0,"comment_status":"closed","ping_status":"closed","template":"","meta":{"footnotes":""},"class_list":["post-1249","page","type-page","status-publish","hentry"],"_links":{"self":[{"href":"https:\/\/www4.sbc.org.br\/csbc2018\/index.php?rest_route=\/wp\/v2\/pages\/1249","targetHints":{"allow":["GET"]}}],"collection":[{"href":"https:\/\/www4.sbc.org.br\/csbc2018\/index.php?rest_route=\/wp\/v2\/pages"}],"about":[{"href":"https:\/\/www4.sbc.org.br\/csbc2018\/index.php?rest_route=\/wp\/v2\/types\/page"}],"author":[{"embeddable":true,"href":"https:\/\/www4.sbc.org.br\/csbc2018\/index.php?rest_route=\/wp\/v2\/users\/3"}],"replies":[{"embeddable":true,"href":"https:\/\/www4.sbc.org.br\/csbc2018\/index.php?rest_route=%2Fwp%2Fv2%2Fcomments&post=1249"}],"version-history":[{"count":3,"href":"https:\/\/www4.sbc.org.br\/csbc2018\/index.php?rest_route=\/wp\/v2\/pages\/1249\/revisions"}],"predecessor-version":[{"id":1253,"href":"https:\/\/www4.sbc.org.br\/csbc2018\/index.php?rest_route=\/wp\/v2\/pages\/1249\/revisions\/1253"}],"wp:attachment":[{"href":"https:\/\/www4.sbc.org.br\/csbc2018\/index.php?rest_route=%2Fwp%2Fv2%2Fmedia&parent=1249"}],"curies":[{"name":"wp","href":"https:\/\/api.w.org\/{rel}","templated":true}]}}